{"id":10,"date":"2024-08-04T07:23:18","date_gmt":"2024-08-04T07:23:18","guid":{"rendered":"https:\/\/fototapetebl.com\/?page_id=10"},"modified":"2024-08-04T08:06:22","modified_gmt":"2024-08-04T08:06:22","slug":"elegantne-zidne-tapete-vrhunskog-kvaliteta","status":"publish","type":"page","link":"https:\/\/fototapetebl.com\/","title":{"rendered":"Elegantne zidne tapete vrhunskog kvaliteta."},"content":{"rendered":"\n<div class=\"wp-block-group alignfull\" style=\"padding-top:var(--wp--preset--spacing--50);padding-right:var(--wp--preset--spacing--50);padding-bottom:var(--wp--preset--spacing--50);padding-left:var(--wp--preset--spacing--50)\"><div class=\"wp-block-group__inner-container is-layout-constrained wp-container-core-group-is-layout-f4d13f5d wp-block-group-is-layout-constrained\">\n<div class=\"wp-block-group\"><div class=\"wp-block-group__inner-container is-layout-constrained wp-container-core-group-is-layout-04692c70 wp-block-group-is-layout-constrained\">\n<h1 class=\"wp-block-heading has-text-align-center has-medium-font-size\">Elegantno.Moderno.Unikatno.<\/h1>\n\n\n\n<div style=\"height:1.25rem\" aria-hidden=\"true\" class=\"wp-block-spacer\"><\/div>\n\n\n\n<p class=\"has-text-align-center\">Mogu\u0107nost izrade personalizovanih unikatnih rje\u0161enja prema Va\u0161em izboru.<\/p>\n\n\n\n<div style=\"height:1.25rem\" aria-hidden=\"true\" class=\"wp-block-spacer\"><\/div>\n<\/div><\/div>\n\n\n\n<div style=\"height:var(--wp--preset--spacing--30)\" aria-hidden=\"true\" class=\"wp-block-spacer\"><\/div>\n\n\n\n<figure class=\"wp-block-image alignwide size-full is-style-default\"><img loading=\"lazy\" decoding=\"async\" width=\"2500\" height=\"2000\" src=\"https:\/\/fototapetebl.com\/wp-content\/uploads\/2024\/08\/23202-Calla.png\" alt=\"Calla SKU: 23202\" class=\"wp-image-26\" srcset=\"https:\/\/fototapetebl.com\/wp-content\/uploads\/2024\/08\/23202-Calla.png 2500w, https:\/\/fototapetebl.com\/wp-content\/uploads\/2024\/08\/23202-Calla-300x240.png 300w, https:\/\/fototapetebl.com\/wp-content\/uploads\/2024\/08\/23202-Calla-1024x819.png 1024w, https:\/\/fototapetebl.com\/wp-content\/uploads\/2024\/08\/23202-Calla-768x614.png 768w, https:\/\/fototapetebl.com\/wp-content\/uploads\/2024\/08\/23202-Calla-1536x1229.png 1536w, https:\/\/fototapetebl.com\/wp-content\/uploads\/2024\/08\/23202-Calla-2048x1638.png 2048w\" sizes=\"auto, (max-width: 2500px) 100vw, 2500px\" \/><\/figure>\n<\/div><\/div>\n\n\n\n<div class=\"wp-block-group alignfull has-base-2-background-color has-background\" style=\"margin-top:0;margin-bottom:0;padding-top:var(--wp--preset--spacing--50);padding-right:var(--wp--preset--spacing--50);padding-bottom:var(--wp--preset--spacing--50);padding-left:var(--wp--preset--spacing--50)\"><div class=\"wp-block-group__inner-container is-layout-constrained wp-container-core-group-is-layout-2bafd31c wp-block-group-is-layout-constrained\">\n<div class=\"wp-block-group is-vertical is-content-justification-center is-layout-flex wp-container-core-group-is-layout-7681721f wp-block-group-is-layout-flex\">\n<h2 class=\"wp-block-heading has-text-align-center is-style-asterisk\">Estetika prostora<\/h2>\n\n\n\n<div style=\"height:0px\" aria-hidden=\"true\" class=\"wp-block-spacer wp-container-content-4f2ccadb\"><\/div>\n\n\n\n<p class=\"has-text-align-center\">Ugodite sebi. U\u017eivajte u izgledu Va\u0161ih zidova.<\/p>\n<\/div>\n<\/div><\/div>\n\n\n\n<div class=\"wp-block-group alignfull\" style=\"margin-top:0;margin-bottom:0;padding-top:var(--wp--preset--spacing--50);padding-right:var(--wp--preset--spacing--50);padding-bottom:var(--wp--preset--spacing--50);padding-left:var(--wp--preset--spacing--50)\"><div class=\"wp-block-group__inner-container is-layout-constrained wp-container-core-group-is-layout-9cf8f26d wp-block-group-is-layout-constrained\">\n<div class=\"wp-block-group alignwide\"><div class=\"wp-block-group__inner-container is-layout-constrained wp-block-group-is-layout-constrained\">\n<div style=\"height:var(--wp--preset--spacing--40)\" aria-hidden=\"true\" class=\"wp-block-spacer\"><\/div>\n\n\n\n<div class=\"wp-block-columns alignwide is-layout-flex wp-container-core-columns-is-layout-b1b80ead wp-block-columns-is-layout-flex\">\n<div class=\"wp-block-column is-layout-flow wp-block-column-is-layout-flow\" style=\"flex-basis:50%\">\n<figure class=\"wp-block-image size-large is-style-default\"><img loading=\"lazy\" decoding=\"async\" width=\"1024\" height=\"1024\" src=\"https:\/\/fototapetebl.com\/wp-content\/uploads\/2024\/08\/Intersection-23176-1024x1024.png\" alt=\"\" class=\"wp-image-22\" srcset=\"https:\/\/fototapetebl.com\/wp-content\/uploads\/2024\/08\/Intersection-23176-1024x1024.png 1024w, https:\/\/fototapetebl.com\/wp-content\/uploads\/2024\/08\/Intersection-23176-300x300.png 300w, https:\/\/fototapetebl.com\/wp-content\/uploads\/2024\/08\/Intersection-23176-150x150.png 150w, https:\/\/fototapetebl.com\/wp-content\/uploads\/2024\/08\/Intersection-23176-768x768.png 768w, https:\/\/fototapetebl.com\/wp-content\/uploads\/2024\/08\/Intersection-23176-1536x1536.png 1536w, https:\/\/fototapetebl.com\/wp-content\/uploads\/2024\/08\/Intersection-23176-2048x2048.png 2048w\" sizes=\"auto, (max-width: 1024px) 100vw, 1024px\" \/><\/figure>\n<\/div>\n<\/div>\n\n\n\n<div style=\"height:var(--wp--preset--spacing--40)\" aria-hidden=\"true\" class=\"wp-block-spacer\"><\/div>\n\n\n\n<div class=\"wp-block-columns alignwide is-layout-flex wp-container-core-columns-is-layout-b1b80ead wp-block-columns-is-layout-flex\">\n<div class=\"wp-block-column is-layout-flow wp-block-column-is-layout-flow\" style=\"flex-basis:50%\">\n<figure class=\"wp-block-image size-large is-style-default\"><img loading=\"lazy\" decoding=\"async\" width=\"1024\" height=\"1024\" src=\"https:\/\/fototapetebl.com\/wp-content\/uploads\/2024\/08\/Coffee-SKU-23197-1024x1024.png\" alt=\"\" class=\"wp-image-25\" srcset=\"https:\/\/fototapetebl.com\/wp-content\/uploads\/2024\/08\/Coffee-SKU-23197-1024x1024.png 1024w, https:\/\/fototapetebl.com\/wp-content\/uploads\/2024\/08\/Coffee-SKU-23197-300x300.png 300w, https:\/\/fototapetebl.com\/wp-content\/uploads\/2024\/08\/Coffee-SKU-23197-150x150.png 150w, https:\/\/fototapetebl.com\/wp-content\/uploads\/2024\/08\/Coffee-SKU-23197-768x768.png 768w, https:\/\/fototapetebl.com\/wp-content\/uploads\/2024\/08\/Coffee-SKU-23197-1536x1536.png 1536w, https:\/\/fototapetebl.com\/wp-content\/uploads\/2024\/08\/Coffee-SKU-23197.png 2000w\" sizes=\"auto, (max-width: 1024px) 100vw, 1024px\" \/><\/figure>\n<\/div>\n<\/div>\n<\/div><\/div>\n<\/div><\/div>\n\n\n\n<ul class=\"wp-block-social-links aligncenter has-icon-color has-icon-background-color is-layout-flex wp-block-social-links-is-layout-flex\"><li style=\"color:#ffffff;background-color:#3962e3;\" class=\"wp-social-link wp-social-link-instagram  wp-block-social-link\"><a href=\"https:\/\/www.instagram.com\/fototapete_bl\/\" class=\"wp-block-social-link-anchor\"><svg width=\"24\" height=\"24\" viewBox=\"0 0 24 24\" version=\"1.1\" xmlns=\"http:\/\/www.w3.org\/2000\/svg\" aria-hidden=\"true\" focusable=\"false\"><path d=\"M12,4.622c2.403,0,2.688,0.009,3.637,0.052c0.877,0.04,1.354,0.187,1.671,0.31c0.42,0.163,0.72,0.358,1.035,0.673 c0.315,0.315,0.51,0.615,0.673,1.035c0.123,0.317,0.27,0.794,0.31,1.671c0.043,0.949,0.052,1.234,0.052,3.637 s-0.009,2.688-0.052,3.637c-0.04,0.877-0.187,1.354-0.31,1.671c-0.163,0.42-0.358,0.72-0.673,1.035 c-0.315,0.315-0.615,0.51-1.035,0.673c-0.317,0.123-0.794,0.27-1.671,0.31c-0.949,0.043-1.233,0.052-3.637,0.052 s-2.688-0.009-3.637-0.052c-0.877-0.04-1.354-0.187-1.671-0.31c-0.42-0.163-0.72-0.358-1.035-0.673 c-0.315-0.315-0.51-0.615-0.673-1.035c-0.123-0.317-0.27-0.794-0.31-1.671C4.631,14.688,4.622,14.403,4.622,12 s0.009-2.688,0.052-3.637c0.04-0.877,0.187-1.354,0.31-1.671c0.163-0.42,0.358-0.72,0.673-1.035 c0.315-0.315,0.615-0.51,1.035-0.673c0.317-0.123,0.794-0.27,1.671-0.31C9.312,4.631,9.597,4.622,12,4.622 M12,3 C9.556,3,9.249,3.01,8.289,3.054C7.331,3.098,6.677,3.25,6.105,3.472C5.513,3.702,5.011,4.01,4.511,4.511 c-0.5,0.5-0.808,1.002-1.038,1.594C3.25,6.677,3.098,7.331,3.054,8.289C3.01,9.249,3,9.556,3,12c0,2.444,0.01,2.751,0.054,3.711 c0.044,0.958,0.196,1.612,0.418,2.185c0.23,0.592,0.538,1.094,1.038,1.594c0.5,0.5,1.002,0.808,1.594,1.038 c0.572,0.222,1.227,0.375,2.185,0.418C9.249,20.99,9.556,21,12,21s2.751-0.01,3.711-0.054c0.958-0.044,1.612-0.196,2.185-0.418 c0.592-0.23,1.094-0.538,1.594-1.038c0.5-0.5,0.808-1.002,1.038-1.594c0.222-0.572,0.375-1.227,0.418-2.185 C20.99,14.751,21,14.444,21,12s-0.01-2.751-0.054-3.711c-0.044-0.958-0.196-1.612-0.418-2.185c-0.23-0.592-0.538-1.094-1.038-1.594 c-0.5-0.5-1.002-0.808-1.594-1.038c-0.572-0.222-1.227-0.375-2.185-0.418C14.751,3.01,14.444,3,12,3L12,3z M12,7.378 c-2.552,0-4.622,2.069-4.622,4.622S9.448,16.622,12,16.622s4.622-2.069,4.622-4.622S14.552,7.378,12,7.378z M12,15 c-1.657,0-3-1.343-3-3s1.343-3,3-3s3,1.343,3,3S13.657,15,12,15z M16.804,6.116c-0.596,0-1.08,0.484-1.08,1.08 s0.484,1.08,1.08,1.08c0.596,0,1.08-0.484,1.08-1.08S17.401,6.116,16.804,6.116z\"><\/path><\/svg><span class=\"wp-block-social-link-label screen-reader-text\">Instagram<\/span><\/a><\/li>\n\n<li style=\"color:#ffffff;background-color:#3962e3;\" class=\"wp-social-link wp-social-link-facebook  wp-block-social-link\"><a href=\"https:\/\/www.facebook.com\/profile.php?id=61554338546222\" class=\"wp-block-social-link-anchor\"><svg width=\"24\" height=\"24\" viewBox=\"0 0 24 24\" version=\"1.1\" xmlns=\"http:\/\/www.w3.org\/2000\/svg\" aria-hidden=\"true\" focusable=\"false\"><path d=\"M12 2C6.5 2 2 6.5 2 12c0 5 3.7 9.1 8.4 9.9v-7H7.9V12h2.5V9.8c0-2.5 1.5-3.9 3.8-3.9 1.1 0 2.2.2 2.2.2v2.5h-1.3c-1.2 0-1.6.8-1.6 1.6V12h2.8l-.4 2.9h-2.3v7C18.3 21.1 22 17 22 12c0-5.5-4.5-10-10-10z\"><\/path><\/svg><span class=\"wp-block-social-link-label screen-reader-text\">Facebook<\/span><\/a><\/li>\n\n<li style=\"color:#ffffff;background-color:#3962e3;\" class=\"wp-social-link wp-social-link-mail  wp-block-social-link\"><a href=\"mailto:d&#097;yd&#114;&#101;am&#115;t&#117;&#100;io&#049;6&#064;&#103;&#109;ail&#046;&#099;om\" class=\"wp-block-social-link-anchor\"><svg width=\"24\" height=\"24\" viewBox=\"0 0 24 24\" version=\"1.1\" xmlns=\"http:\/\/www.w3.org\/2000\/svg\" aria-hidden=\"true\" focusable=\"false\"><path d=\"M19,5H5c-1.1,0-2,.9-2,2v10c0,1.1.9,2,2,2h14c1.1,0,2-.9,2-2V7c0-1.1-.9-2-2-2zm.5,12c0,.3-.2.5-.5.5H5c-.3,0-.5-.2-.5-.5V9.8l7.5,5.6,7.5-5.6V17zm0-9.1L12,13.6,4.5,7.9V7c0-.3.2-.5.5-.5h14c.3,0,.5.2.5.5v.9z\"><\/path><\/svg><span class=\"wp-block-social-link-label screen-reader-text\">Mail<\/span><\/a><\/li><\/ul>\n\n\n\n<p><\/p>\n","protected":false},"excerpt":{"rendered":"<p>Elegantno.Moderno.Unikatno. Mogu\u0107nost izrade personalizovanih unikatnih rje\u0161enja prema Va\u0161em izboru. Estetika prostora Ugodite sebi. U\u017eivajte u izgledu Va\u0161ih zidova.<\/p>\n","protected":false},"author":1,"featured_media":0,"parent":0,"menu_order":0,"comment_status":"closed","ping_status":"closed","template":"","meta":{"footnotes":""},"class_list":["post-10","page","type-page","status-publish","hentry"],"yoast_head":"<!-- This site is optimized with the Yoast SEO plugin v23.1 - https:\/\/yoast.com\/wordpress\/plugins\/seo\/ -->\n<title>Elegantne zidne tapete vrhunskog kvaliteta. - Fototapete BL<\/title>\n<meta name=\"robots\" content=\"index, follow, max-snippet:-1, max-image-preview:large, max-video-preview:-1\" \/>\n<link rel=\"canonical\" href=\"https:\/\/fototapetebl.com\/\" \/>\n<meta property=\"og:locale\" content=\"en_US\" \/>\n<meta property=\"og:type\" content=\"article\" \/>\n<meta property=\"og:title\" content=\"Elegantne zidne tapete vrhunskog kvaliteta. - Fototapete BL\" \/>\n<meta property=\"og:description\" content=\"Elegantno.Moderno.Unikatno. Mogu\u0107nost izrade personalizovanih unikatnih rje\u0161enja prema Va\u0161em izboru. Estetika prostora Ugodite sebi. U\u017eivajte u izgledu Va\u0161ih zidova.\" \/>\n<meta property=\"og:url\" content=\"https:\/\/fototapetebl.com\/\" \/>\n<meta property=\"og:site_name\" content=\"Fototapete BL\" \/>\n<meta property=\"article:publisher\" content=\"https:\/\/www.instagram.com\/fototapete_bl\/\" \/>\n<meta property=\"article:modified_time\" content=\"2024-08-04T08:06:22+00:00\" \/>\n<meta property=\"og:image\" content=\"https:\/\/fototapetebl.com\/wp-content\/uploads\/2024\/08\/23202-Calla.png\" \/>\n<meta name=\"twitter:card\" content=\"summary_large_image\" \/>\n<script type=\"application\/ld+json\" class=\"yoast-schema-graph\">{\"@context\":\"https:\/\/schema.org\",\"@graph\":[{\"@type\":\"WebPage\",\"@id\":\"https:\/\/fototapetebl.com\/\",\"url\":\"https:\/\/fototapetebl.com\/\",\"name\":\"Elegantne zidne tapete vrhunskog kvaliteta. - Fototapete BL\",\"isPartOf\":{\"@id\":\"https:\/\/fototapetebl.com\/#website\"},\"primaryImageOfPage\":{\"@id\":\"https:\/\/fototapetebl.com\/#primaryimage\"},\"image\":{\"@id\":\"https:\/\/fototapetebl.com\/#primaryimage\"},\"thumbnailUrl\":\"https:\/\/fototapetebl.com\/wp-content\/uploads\/2024\/08\/23202-Calla.png\",\"datePublished\":\"2024-08-04T07:23:18+00:00\",\"dateModified\":\"2024-08-04T08:06:22+00:00\",\"breadcrumb\":{\"@id\":\"https:\/\/fototapetebl.com\/#breadcrumb\"},\"inLanguage\":\"en-US\",\"potentialAction\":[{\"@type\":\"ReadAction\",\"target\":[\"https:\/\/fototapetebl.com\/\"]}]},{\"@type\":\"ImageObject\",\"inLanguage\":\"en-US\",\"@id\":\"https:\/\/fototapetebl.com\/#primaryimage\",\"url\":\"https:\/\/fototapetebl.com\/wp-content\/uploads\/2024\/08\/23202-Calla.png\",\"contentUrl\":\"https:\/\/fototapetebl.com\/wp-content\/uploads\/2024\/08\/23202-Calla.png\",\"width\":2500,\"height\":2000},{\"@type\":\"BreadcrumbList\",\"@id\":\"https:\/\/fototapetebl.com\/#breadcrumb\",\"itemListElement\":[{\"@type\":\"ListItem\",\"position\":1,\"name\":\"Home\",\"item\":\"https:\/\/fototapetebl.com\/\"},{\"@type\":\"ListItem\",\"position\":2,\"name\":\"Elegantne zidne tapete vrhunskog kvaliteta.\"}]},{\"@type\":\"WebSite\",\"@id\":\"https:\/\/fototapetebl.com\/#website\",\"url\":\"https:\/\/fototapetebl.com\/\",\"name\":\"Fototapete BL\",\"description\":\"Elegantno.Moderno.Unikatno\",\"potentialAction\":[{\"@type\":\"SearchAction\",\"target\":{\"@type\":\"EntryPoint\",\"urlTemplate\":\"https:\/\/fototapetebl.com\/?s={search_term_string}\"},\"query-input\":\"required name=search_term_string\"}],\"inLanguage\":\"en-US\"}]}<\/script>\n<!-- \/ Yoast SEO plugin. -->","yoast_head_json":{"title":"Elegantne zidne tapete vrhunskog kvaliteta. - Fototapete BL","robots":{"index":"index","follow":"follow","max-snippet":"max-snippet:-1","max-image-preview":"max-image-preview:large","max-video-preview":"max-video-preview:-1"},"canonical":"https:\/\/fototapetebl.com\/","og_locale":"en_US","og_type":"article","og_title":"Elegantne zidne tapete vrhunskog kvaliteta. - Fototapete BL","og_description":"Elegantno.Moderno.Unikatno. Mogu\u0107nost izrade personalizovanih unikatnih rje\u0161enja prema Va\u0161em izboru. Estetika prostora Ugodite sebi. U\u017eivajte u izgledu Va\u0161ih zidova.","og_url":"https:\/\/fototapetebl.com\/","og_site_name":"Fototapete BL","article_publisher":"https:\/\/www.instagram.com\/fototapete_bl\/","article_modified_time":"2024-08-04T08:06:22+00:00","og_image":[{"url":"https:\/\/fototapetebl.com\/wp-content\/uploads\/2024\/08\/23202-Calla.png"}],"twitter_card":"summary_large_image","schema":{"@context":"https:\/\/schema.org","@graph":[{"@type":"WebPage","@id":"https:\/\/fototapetebl.com\/","url":"https:\/\/fototapetebl.com\/","name":"Elegantne zidne tapete vrhunskog kvaliteta. - Fototapete BL","isPartOf":{"@id":"https:\/\/fototapetebl.com\/#website"},"primaryImageOfPage":{"@id":"https:\/\/fototapetebl.com\/#primaryimage"},"image":{"@id":"https:\/\/fototapetebl.com\/#primaryimage"},"thumbnailUrl":"https:\/\/fototapetebl.com\/wp-content\/uploads\/2024\/08\/23202-Calla.png","datePublished":"2024-08-04T07:23:18+00:00","dateModified":"2024-08-04T08:06:22+00:00","breadcrumb":{"@id":"https:\/\/fototapetebl.com\/#breadcrumb"},"inLanguage":"en-US","potentialAction":[{"@type":"ReadAction","target":["https:\/\/fototapetebl.com\/"]}]},{"@type":"ImageObject","inLanguage":"en-US","@id":"https:\/\/fototapetebl.com\/#primaryimage","url":"https:\/\/fototapetebl.com\/wp-content\/uploads\/2024\/08\/23202-Calla.png","contentUrl":"https:\/\/fototapetebl.com\/wp-content\/uploads\/2024\/08\/23202-Calla.png","width":2500,"height":2000},{"@type":"BreadcrumbList","@id":"https:\/\/fototapetebl.com\/#breadcrumb","itemListElement":[{"@type":"ListItem","position":1,"name":"Home","item":"https:\/\/fototapetebl.com\/"},{"@type":"ListItem","position":2,"name":"Elegantne zidne tapete vrhunskog kvaliteta."}]},{"@type":"WebSite","@id":"https:\/\/fototapetebl.com\/#website","url":"https:\/\/fototapetebl.com\/","name":"Fototapete BL","description":"Elegantno.Moderno.Unikatno","potentialAction":[{"@type":"SearchAction","target":{"@type":"EntryPoint","urlTemplate":"https:\/\/fototapetebl.com\/?s={search_term_string}"},"query-input":"required name=search_term_string"}],"inLanguage":"en-US"}]}},"_links":{"self":[{"href":"https:\/\/fototapetebl.com\/index.php\/wp-json\/wp\/v2\/pages\/10","targetHints":{"allow":["GET"]}}],"collection":[{"href":"https:\/\/fototapetebl.com\/index.php\/wp-json\/wp\/v2\/pages"}],"about":[{"href":"https:\/\/fototapetebl.com\/index.php\/wp-json\/wp\/v2\/types\/page"}],"author":[{"embeddable":true,"href":"https:\/\/fototapetebl.com\/index.php\/wp-json\/wp\/v2\/users\/1"}],"replies":[{"embeddable":true,"href":"https:\/\/fototapetebl.com\/index.php\/wp-json\/wp\/v2\/comments?post=10"}],"version-history":[{"count":12,"href":"https:\/\/fototapetebl.com\/index.php\/wp-json\/wp\/v2\/pages\/10\/revisions"}],"predecessor-version":[{"id":31,"href":"https:\/\/fototapetebl.com\/index.php\/wp-json\/wp\/v2\/pages\/10\/revisions\/31"}],"wp:attachment":[{"href":"https:\/\/fototapetebl.com\/index.php\/wp-json\/wp\/v2\/media?parent=10"}],"curies":[{"name":"wp","href":"https:\/\/api.w.org\/{rel}","templated":true}]}}